{"id":18,"date":"2024-04-04T05:04:02","date_gmt":"2024-04-04T05:04:02","guid":{"rendered":"https:\/\/sisu.ut.ee\/abc\/tudengid-0\/"},"modified":"2025-11-29T13:34:02","modified_gmt":"2025-11-29T11:34:02","slug":"tudengid-0","status":"publish","type":"page","link":"https:\/\/sisu.ut.ee\/abc\/tudengid-0\/","title":{"rendered":"Tudengid"},"content":{"rendered":"<div class=\"person-card border rounded p-2 pb-4 mb-4\">\n\t<div class=\"d-flex \">\n\t\t\t\t\t<img loading=\"lazy\" decoding=\"async\" width=\"150\" height=\"150\" src=\"https:\/\/sisu.ut.ee\/wp-content\/uploads\/sites\/561\/rutt_v_ruut_511px-150x150.jpg\" class=\"flex-shrink-0 object-fit-cover person-card__image img-fluid rounded mb-2 me-2\" alt=\"pilt\" srcset=\"https:\/\/sisu.ut.ee\/wp-content\/uploads\/sites\/561\/rutt_v_ruut_511px-150x150.jpg 150w, https:\/\/sisu.ut.ee\/wp-content\/uploads\/sites\/561\/rutt_v_ruut_511px-300x300.jpg 300w, https:\/\/sisu.ut.ee\/wp-content\/uploads\/sites\/561\/rutt_v_ruut_511px.jpg 511w\" sizes=\"auto, (max-width: 150px) 100vw, 150px\">\n\t\t\t\t<div class=\"person-card__info\">\n\t\t\t\t\t\t\t<h3 class=\"h4 mb-2\">Rutt Vare<\/h3>\n\t\t\t\t\t\t\t\t\t\t<div class=\"mb-2\">\n\t\t\t\t\t<p>T\u00dc ps\u00fchholoogia magistrant<\/p>\n<p>Rutt kirjutab magistrit\u00f6\u00f6d automaatse t\u00f6\u00f6tluse erinevustest ajus toidustiimulte t\u00f6\u00f6tlemisel n\u00e4ljasena ja peale s\u00f6\u00f6mist.<\/p>\n\n\t\t\t\t<\/div>\n\t\t\t\t\t\t\t\t\t\t\t\t\t\t<\/div>\n\t<\/div>\n\t<\/div>\n\n\n<div class=\"person-card border rounded p-2 pb-4 mb-4\">\n\t<div class=\"d-flex \">\n\t\t\t\t\t<img loading=\"lazy\" decoding=\"async\" width=\"150\" height=\"150\" src=\"https:\/\/sisu.ut.ee\/wp-content\/uploads\/sites\/561\/Screenshot_20250414_144840_Gallery-e1744634277375-150x150.jpg\" class=\"flex-shrink-0 object-fit-cover person-card__image img-fluid rounded mb-2 me-2\" alt=\"\" srcset=\"https:\/\/sisu.ut.ee\/wp-content\/uploads\/sites\/561\/Screenshot_20250414_144840_Gallery-e1744634277375-150x150.jpg 150w, https:\/\/sisu.ut.ee\/wp-content\/uploads\/sites\/561\/Screenshot_20250414_144840_Gallery-e1744634277375-300x300.jpg 300w, https:\/\/sisu.ut.ee\/wp-content\/uploads\/sites\/561\/Screenshot_20250414_144840_Gallery-e1744634277375-768x770.jpg 768w\" sizes=\"auto, (max-width: 150px) 100vw, 150px\">\n\t\t\t\t<div class=\"person-card__info\">\n\t\t\t\t\t\t\t<h3 class=\"h4 mb-2\">Janeli Kirsi<\/h3>\n\t\t\t\t\t\t\t\t\t\t<div class=\"mb-2\">\n\t\t\t\t\t<p>T\u00dc ps\u00fchholoogia magistrant<\/p>\n<p>Janeli uurib SSVEP tehnikat kasutades, kuidas erineb aju automaatne t\u00f6\u00f6tlus n\u00e4ljaseisundis ja p\u00e4rast s\u00f6\u00f6mist.<\/p>\n\n\t\t\t\t<\/div>\n\t\t\t\t\t\t\t\t\t\t\t\t\t\t<\/div>\n\t<\/div>\n\t<\/div>\n\n\n<div class=\"person-card border rounded p-2 pb-4 mb-4\">\n\t<div class=\"d-flex \">\n\t\t\t\t\t<img loading=\"lazy\" decoding=\"async\" width=\"150\" height=\"150\" src=\"https:\/\/sisu.ut.ee\/wp-content\/uploads\/sites\/561\/20251128_152853-scaled-e1764345480120.jpg\" class=\"flex-shrink-0 object-fit-cover person-card__image img-fluid rounded mb-2 me-2\" alt=\"\">\n\t\t\t\t<div class=\"person-card__info\">\n\t\t\t\t\t\t\t<h3 class=\"h4 mb-2\">Liisi Puura<\/h3>\n\t\t\t\t\t\t\t\t\t\t<div class=\"mb-2\">\n\t\t\t\t\t<p>TL\u00dc ps\u00fchholoogia magistrant <\/p>\n<p>Liisi uurib magistrit\u00f6\u00f6 raames vanemaealiste keeletaju ja musikaalsuse seoseid.<\/p>\n\n\t\t\t\t<\/div>\n\t\t\t\t\t\t\t\t\t\t\t\t\t\t<\/div>\n\t<\/div>\n\t<\/div>\n\n\n<div class=\"person-card border rounded p-2 pb-4 mb-4\">\n\t<div class=\"d-flex \">\n\t\t\t\t<div class=\"person-card__info\">\n\t\t\t\t\t\t\t<h3 class=\"h4 mb-2\">Eneli Veltmann<\/h3>\n\t\t\t\t\t\t\t\t\t\t<div class=\"mb-2\">\n\t\t\t\t\t<p>T\u00dc ps\u00fchholoogia magistrant<\/p>\n\n\t\t\t\t<\/div>\n\t\t\t\t\t\t\t\t\t\t\t\t\t\t<\/div>\n\t<\/div>\n\t<\/div>\n\n\n\n<div class=\"wp-block-buttons is-layout-flex wp-block-buttons-is-layout-flex\">\n<div class=\"wp-block-button has-custom-width wp-block-button__width-100 is-style-outline is-style-outline--1\"><a class=\"wp-block-button__link has-large-font-size has-custom-font-size wp-element-button\" href=\"https:\/\/sisu.ut.ee\/abc\/inimesed\/\">Uurijad ja doktorandid<\/a><\/div>\n\n\n\n<div class=\"wp-block-button has-custom-width wp-block-button__width-100 is-style-outline is-style-outline--2\"><a class=\"wp-block-button__link has-large-font-size has-custom-font-size wp-element-button\" href=\"https:\/\/sisu.ut.ee\/abc\/kaastootajad\/\">Kaast\u00f6\u00f6tajad<\/a><\/div>\n<\/div>\n","protected":false},"excerpt":{"rendered":"","protected":false},"author":282,"featured_media":0,"parent":0,"menu_order":0,"comment_status":"closed","ping_status":"closed","template":"","meta":{"_acf_changed":false,"inline_featured_image":false,"footnotes":""},"class_list":["post-18","page","type-page","status-publish","hentry"],"acf":[],"_links":{"self":[{"href":"https:\/\/sisu.ut.ee\/abc\/wp-json\/wp\/v2\/pages\/18","targetHints":{"allow":["GET"]}}],"collection":[{"href":"https:\/\/sisu.ut.ee\/abc\/wp-json\/wp\/v2\/pages"}],"about":[{"href":"https:\/\/sisu.ut.ee\/abc\/wp-json\/wp\/v2\/types\/page"}],"author":[{"embeddable":true,"href":"https:\/\/sisu.ut.ee\/abc\/wp-json\/wp\/v2\/users\/282"}],"replies":[{"embeddable":true,"href":"https:\/\/sisu.ut.ee\/abc\/wp-json\/wp\/v2\/comments?post=18"}],"version-history":[{"count":21,"href":"https:\/\/sisu.ut.ee\/abc\/wp-json\/wp\/v2\/pages\/18\/revisions"}],"predecessor-version":[{"id":1128,"href":"https:\/\/sisu.ut.ee\/abc\/wp-json\/wp\/v2\/pages\/18\/revisions\/1128"}],"wp:attachment":[{"href":"https:\/\/sisu.ut.ee\/abc\/wp-json\/wp\/v2\/media?parent=18"}],"curies":[{"name":"wp","href":"https:\/\/api.w.org\/{rel}","templated":true}]}}