{"id":60,"date":"2024-04-03T23:27:15","date_gmt":"2024-04-03T20:27:15","guid":{"rendered":"https:\/\/sisu.ut.ee\/6ppimisttoetavhindamine\/tasu-ja-karistus-kas-elukestva-oppe-toetajad\/"},"modified":"2024-04-03T23:27:34","modified_gmt":"2024-04-03T20:27:34","slug":"tasu-ja-karistus-kas-elukestva-oppe-toetajad","status":"publish","type":"page","link":"https:\/\/sisu.ut.ee\/6ppimisttoetavhindamine\/tasu-ja-karistus-kas-elukestva-oppe-toetajad\/","title":{"rendered":"Tagasiside kui tasu ja karistus?"},"content":{"rendered":"<h4><span style=\"color: #ff6600\"><strong>\u00a0<\/strong><\/span><span style=\"color: #ff6600\"><img loading=\"lazy\" decoding=\"async\" width=\"50\" height=\"46\" class=\"alignnone wp-image-66\" style=\"color: #565656;font-size: 14px;line-height: 21px\" src=\"https:\/\/sisu.ut.ee\/wp-content\/uploads\/sites\/97\/m6ttemull_v.jpg\" title=\"m6ttemull_v.jpg\" alt=\"m6ttemull_v.jpg\">\u00a0\u00a0<strong>M\u00f5tlemis\u00fclesanne<\/strong><\/span><\/h4>\n<ul>\n<ul style=\"list-style-type: disc\">\n<li><span style=\"font-size: 14px\">Kas \u00f5pilasi motiveerib paremini kaasa t\u00f6\u00f6tama\u00a0tasulootus ja\/v\u00f5i hirm karistuse ees?\u00a0<\/span><\/li>\n<li><span style=\"font-size: 14px\">Kas on ka alternatiive v\u00e4lisele motiveerimisele?<\/span><\/li>\n<li><span style=\"font-size: 14px\">Kuiv\u00f5rd tegutsete ise tasulootuses v\u00f5i karistuse (santksioonide) hirmus? Kui motiveerituna end sellises olukorras tunnete?<\/span><\/li>\n<li><span style=\"font-size: 14px\">Kui motiveerituna tunnete end siis, kui tegutsete omal algatusel mingi projektiga, mida ise oluliseks peate?<\/span><\/li>\n<\/ul>\n<\/ul>\n<h4><\/h4>\n<h4><span style=\"color: #ff6600\"><img loading=\"lazy\" decoding=\"async\" width=\"50\" height=\"46\" class=\"alignnone wp-image-66\" style=\"color: #565656;font-size: 14px;line-height: 21px\" src=\"https:\/\/sisu.ut.ee\/wp-content\/uploads\/sites\/97\/m6ttemull_v.jpg\" title=\"m6ttemull_v.jpg\" alt=\"m6ttemull_v.jpg\"><span style=\"color: #888888\">\u00a0\u00a0<span style=\"color: #ff6600\"><strong>Lisa\u00fclesanne<\/strong><\/span><\/span><\/span><\/h4>\n<p style=\"padding-left: 60px\">(inglise keele valdajatele)<\/p>\n<p style=\"padding-left: 60px\">Vaadake j\u00e4rgnevat videokokkuv\u00f5tet Alfie Kohni raamatust \u201cPunished by rewards\u201d.<br>V\u00f5tke kokku selle p\u00f5hiideed. Kas n\u00f5ustute nende seisukohtadega v\u00f5i mitte? Miks?<\/p>\n<p><\/p><div class=\"ratio ratio-16x9 mb-3\"><div class=\"video-placeholder-wrapper video-placeholder-wrapper--16x9\">\n\t\t\t    <div class=\"video-placeholder d-flex justify-content-center align-items-center\">\n\t\t\t        <div class=\"overlay text-white p-2 w-100 text-center d-block justify-content-center align-items-center\">\n\t\t\t            <div>Kolmandate osapoolte sisu n\u00e4gemiseks palun n\u00f5ustu k\u00fcpsistega.<\/div>\n\t\t\t            <button class=\"btn btn-secondary btn-sm mt-1 consent-change\">Muuda n\u00f5usolekut<\/button>\n\t\t\t        <\/div>\n\t\t\t    <\/div>\n\t\t\t<\/div>\n<\/div>\n","protected":false},"excerpt":{"rendered":"<p>\u00a0\u00a0\u00a0M\u00f5tlemis\u00fclesanne Kas \u00f5pilasi motiveerib paremini kaasa t\u00f6\u00f6tama\u00a0tasulootus ja\/v\u00f5i hirm karistuse ees?\u00a0 Kas on ka alternatiive v\u00e4lisele motiveerimisele? Kuiv\u00f5rd tegutsete ise tasulootuses v\u00f5i karistuse (santksioonide) hirmus? Kui motiveerituna end sellises olukorras tunnete? Kui motiveerituna tunnete end siis, kui tegutsete omal algatusel &#8230;<\/p>\n","protected":false},"author":36,"featured_media":0,"parent":0,"menu_order":0,"comment_status":"closed","ping_status":"closed","template":"","meta":{"_acf_changed":false,"inline_featured_image":false,"footnotes":""},"class_list":["post-60","page","type-page","status-publish","hentry"],"acf":[],"_links":{"self":[{"href":"https:\/\/sisu.ut.ee\/6ppimisttoetavhindamine\/wp-json\/wp\/v2\/pages\/60","targetHints":{"allow":["GET"]}}],"collection":[{"href":"https:\/\/sisu.ut.ee\/6ppimisttoetavhindamine\/wp-json\/wp\/v2\/pages"}],"about":[{"href":"https:\/\/sisu.ut.ee\/6ppimisttoetavhindamine\/wp-json\/wp\/v2\/types\/page"}],"author":[{"embeddable":true,"href":"https:\/\/sisu.ut.ee\/6ppimisttoetavhindamine\/wp-json\/wp\/v2\/users\/36"}],"replies":[{"embeddable":true,"href":"https:\/\/sisu.ut.ee\/6ppimisttoetavhindamine\/wp-json\/wp\/v2\/comments?post=60"}],"version-history":[{"count":1,"href":"https:\/\/sisu.ut.ee\/6ppimisttoetavhindamine\/wp-json\/wp\/v2\/pages\/60\/revisions"}],"predecessor-version":[{"id":135,"href":"https:\/\/sisu.ut.ee\/6ppimisttoetavhindamine\/wp-json\/wp\/v2\/pages\/60\/revisions\/135"}],"wp:attachment":[{"href":"https:\/\/sisu.ut.ee\/6ppimisttoetavhindamine\/wp-json\/wp\/v2\/media?parent=60"}],"curies":[{"name":"wp","href":"https:\/\/api.w.org\/{rel}","templated":true}]}}