{"id":53,"date":"2024-04-03T23:27:15","date_gmt":"2024-04-03T20:27:15","guid":{"rendered":"https:\/\/sisu.ut.ee\/6ppimisttoetavhindamine\/moisted-ja-maaratlused\/"},"modified":"2024-04-03T23:27:34","modified_gmt":"2024-04-03T20:27:34","slug":"moisted-ja-maaratlused","status":"publish","type":"page","link":"https:\/\/sisu.ut.ee\/6ppimisttoetavhindamine\/moisted-ja-maaratlused\/","title":{"rendered":"M\u00f5isted ja m\u00e4\u00e4ratlused"},"content":{"rendered":"<p>M\u00f5iste \u201chindamine\u201d t\u00e4nane\u00a0t\u00e4hendusv\u00e4li\u00a0\u00f5ppimist toetava hindamise kontekstis\u00a0on palju laiem traditsioonilisest hinnete panemisest.<\/p>\n<h4><span><span><img loading=\"lazy\" decoding=\"async\" width=\"50\" height=\"46\" class=\"alignnone wp-image-66\" src=\"https:\/\/sisu.ut.ee\/wp-content\/uploads\/sites\/97\/m6ttemull_v.jpg\" title=\"m6ttemull_v.jpg\" alt=\"m6ttemull_v.jpg\">\u00a0\u00a0<span style=\"color: #ff6600\"><strong>M\u00f5tlemis\u00fclesanne<\/strong><\/span><\/span><\/span><\/h4>\n<p style=\"padding-left: 60px\"><span><span>Millal tutvusite <strong>kujundava hindamise<\/strong> m\u00f5istega? Millises kontekstis?<\/span><\/span><\/p>\n<p style=\"padding-left: 60px\"><span><span>Millal kuulsite esimest korda <strong>\u00f5ppimist toetavast hindamisest<\/strong>?<\/span><\/span><\/p>\n\n<p><strong>Kujundava hindamise<\/strong> m\u00f5iste laiem kasutuselev\u00f5tt Eestis seostub eelk\u00f5ige 2011. aasta riiklike\u00a0\u00f5ppekavadega. M\u00f5iste on meie pedagoogikaruumis kasutusel olnud siiski\u00a0juba aastaid\u00a0varem, samuti selle m\u00f5iste sisuks olevad ideed.<\/p>\n<p>J\u00e4rgnevas l\u00fchivideos loetletakse m\u00f5ned <strong>pedagoogilised l\u00e4henemised<\/strong>, milles \u00f5ppimist toetav hindamine juba enne \u00f5ppekavauuendusi kasutusel on olnud. Samuti kirjeldatakse erinevaid <strong>termineid<\/strong>, mida on eesti keeles kasutatud \u00f5ppimist toetava hindamise idee edasiandmiseks.<\/p>\n\n<p><\/p><div class=\"ratio ratio-16x9 mb-3\"><div class=\"video-placeholder-wrapper video-placeholder-wrapper--16x9\">\n\t\t\t    <div class=\"video-placeholder d-flex justify-content-center align-items-center\">\n\t\t\t        <div class=\"overlay text-white p-2 w-100 text-center d-block justify-content-center align-items-center\">\n\t\t\t            <div>Kolmandate osapoolte sisu n\u00e4gemiseks palun n\u00f5ustu k\u00fcpsistega.<\/div>\n\t\t\t            <button class=\"btn btn-secondary btn-sm mt-1 consent-change\">Muuda n\u00f5usolekut<\/button>\n\t\t\t        <\/div>\n\t\t\t    <\/div>\n\t\t\t<\/div>\n<\/div>\n<h4><span style=\"color: #ff6600\"><strong><img loading=\"lazy\" decoding=\"async\" width=\"50\" height=\"46\" class=\"alignnone wp-image-66\" src=\"https:\/\/sisu.ut.ee\/wp-content\/uploads\/sites\/97\/m6ttemull_v.jpg\" title=\"m6ttemull_v.jpg\" alt=\"m6ttemull_v.jpg\">\u00a0 M\u00f5tlemis\u00fclesanne<\/strong><\/span><\/h4>\n<p style=\"padding-left: 60px\">Kas olete m\u00f5nega esitluses loetletud l\u00e4henemisest kokku puutunud? Mille poolest nende arusaam hindamisest erineb traditsioonilisest?<\/p>\n<p style=\"padding-left: 60px\">Kui \u00f5pite paaris, siis jagage oma kogemusi kaas\u00f5ppijaga!<\/p>\n","protected":false},"excerpt":{"rendered":"<p>M\u00f5iste \u201chindamine\u201d t\u00e4nane\u00a0t\u00e4hendusv\u00e4li\u00a0\u00f5ppimist toetava hindamise kontekstis\u00a0on palju laiem traditsioonilisest hinnete panemisest. \u00a0\u00a0M\u00f5tlemis\u00fclesanne Millal tutvusite kujundava hindamise m\u00f5istega? Millises kontekstis? Millal kuulsite esimest korda \u00f5ppimist toetavast hindamisest? Kujundava hindamise m\u00f5iste laiem kasutuselev\u00f5tt Eestis seostub eelk\u00f5ige 2011. aasta riiklike\u00a0\u00f5ppekavadega. M\u00f5iste on meie &#8230;<\/p>\n","protected":false},"author":36,"featured_media":0,"parent":0,"menu_order":0,"comment_status":"closed","ping_status":"closed","template":"","meta":{"_acf_changed":false,"inline_featured_image":false,"footnotes":""},"class_list":["post-53","page","type-page","status-publish","hentry"],"acf":[],"_links":{"self":[{"href":"https:\/\/sisu.ut.ee\/6ppimisttoetavhindamine\/wp-json\/wp\/v2\/pages\/53","targetHints":{"allow":["GET"]}}],"collection":[{"href":"https:\/\/sisu.ut.ee\/6ppimisttoetavhindamine\/wp-json\/wp\/v2\/pages"}],"about":[{"href":"https:\/\/sisu.ut.ee\/6ppimisttoetavhindamine\/wp-json\/wp\/v2\/types\/page"}],"author":[{"embeddable":true,"href":"https:\/\/sisu.ut.ee\/6ppimisttoetavhindamine\/wp-json\/wp\/v2\/users\/36"}],"replies":[{"embeddable":true,"href":"https:\/\/sisu.ut.ee\/6ppimisttoetavhindamine\/wp-json\/wp\/v2\/comments?post=53"}],"version-history":[{"count":1,"href":"https:\/\/sisu.ut.ee\/6ppimisttoetavhindamine\/wp-json\/wp\/v2\/pages\/53\/revisions"}],"predecessor-version":[{"id":128,"href":"https:\/\/sisu.ut.ee\/6ppimisttoetavhindamine\/wp-json\/wp\/v2\/pages\/53\/revisions\/128"}],"wp:attachment":[{"href":"https:\/\/sisu.ut.ee\/6ppimisttoetavhindamine\/wp-json\/wp\/v2\/media?parent=53"}],"curies":[{"name":"wp","href":"https:\/\/api.w.org\/{rel}","templated":true}]}}