{"id":35,"date":"2024-04-03T23:27:14","date_gmt":"2024-04-03T20:27:14","guid":{"rendered":"https:\/\/sisu.ut.ee\/6ppimisttoetavhindamine\/selged-edukriteeriumid\/"},"modified":"2024-04-03T23:27:34","modified_gmt":"2024-04-03T20:27:34","slug":"selged-edukriteeriumid","status":"publish","type":"page","link":"https:\/\/sisu.ut.ee\/6ppimisttoetavhindamine\/selged-edukriteeriumid\/","title":{"rendered":"Edukriteeriumid"},"content":{"rendered":"<p><strong>Selles plokis<\/strong><\/p>\n<ul>\n<li><strong> tutvustatakse edukriteeriume, mis aitavad eesm\u00e4rke t\u00e4psustada<\/strong><\/li>\n<li><strong>arutletakse, mille poolest erinevad hindamis- ja edukriteeriumid <\/strong><\/li>\n<li><strong>selgitatakse, miks on oluline kaasata \u00f5ppijaid edukriteeriumide kokkuleppimisse<\/strong><\/li>\n<li><strong><strong>tuuakse edukriteeriumide praktilise kasutamise kohta n\u00e4ide\u00a0<\/strong><\/strong><strong><span>\u0160<\/span>otimaalt<\/strong><\/li>\n<\/ul>\n<p class=\"Normal\"><span class=\"Normal__Char\">Selleks, et nii \u00f5petaja kui \u00f5ppijad teaksid, mida ja kuidas hinnata, on vajalikud selged kriteeriumid. <\/span><\/p>\n<p class=\"Normal\"><span class=\"Normal__Char\">V\u00f5imalik on kasutada n\u00e4iteks hindamiskriteeriume, edukriteeriume, hea soorituse kriteeriume. Olulisemate (aine\u00fcleste) p\u00e4devuste, l\u00f5imitud \u00fclesannete puhul v\u00f5i juhul, kui tahetakse t\u00e4pselt avada ka erinevaid sooritustasemeid, v\u00f5ib abi olla ka detailsetest hindamismudelitest.<\/span><\/p>\n<p class=\"Normal\"><span class=\"Normal__Char\">J\u00e4rgnevas videoesitluses tutvustatakse \u00f5pilastele antava p\u00f5neva \u00fclesande abil, kuidas ja milleks edukriteeriume kokku leppida.<\/span><\/p>\n<p><\/p><div class=\"ratio ratio-16x9 mb-3\"><div class=\"video-placeholder-wrapper video-placeholder-wrapper--16x9\">\n\t\t\t    <div class=\"video-placeholder d-flex justify-content-center align-items-center\">\n\t\t\t        <div class=\"overlay text-white p-2 w-100 text-center d-block justify-content-center align-items-center\">\n\t\t\t            <div>Kolmandate osapoolte sisu n\u00e4gemiseks palun n\u00f5ustu k\u00fcpsistega.<\/div>\n\t\t\t            <button class=\"btn btn-secondary btn-sm mt-1 consent-change\">Muuda n\u00f5usolekut<\/button>\n\t\t\t        <\/div>\n\t\t\t    <\/div>\n\t\t\t<\/div>\n<\/div>\n\n<p class=\"Normal\"><span class=\"Normal__Char\">Et \u00f5ppijad aru saaksid, mida neilt oodatakse v\u00f5i millises suunas liikuda, v\u00f5ib alustada<\/span><\/p>\n<ul>\n<li><span style=\"font-size: 14px\">hea t\u00f6\u00f6 v\u00f5i soorituse demonstreerimisest \/ anal\u00fc\u00fcsist v\u00f5i\u00a0<\/span><\/li>\n<li><span style=\"font-size: 14px\">erineva tasemega t\u00f6\u00f6de \/ soorituste demonstreerimisest \/ anal\u00fc\u00fcsist<\/span><span style=\"font-size: 14px\">\u00a0<\/span><\/li>\n<\/ul>\n<p class=\"Normal\"><span class=\"Normal__Char\"><\/span><\/p>\n<p class=\"Normal\"><span class=\"Normal__Char\">ja j\u00f5uda nende kaudu edukriteeriumiteni.<\/span><\/p>\n<p class=\"Normal\"><span class=\"Normal__Char\">V\u00f5ib alustada ka <\/span><\/p>\n<ul>\n<li><span style=\"font-size: 14px\" class=\"Normal__Char\">kriteeriumite\u00a0<\/span><span style=\"font-size: 14px\">tutvustamisest \u00f5ppijatele<\/span><span style=\"font-size: 14px\">\u00a0<\/span><span style=\"font-size: 14px\" class=\"Normal__Char\">v\u00f5i\u00a0<\/span><\/li>\n<li><span style=\"font-size: 14px\">koostamisest koos \u00f5ppijatega\u00a0<\/span><\/li>\n<\/ul>\n<p class=\"Normal\"><span class=\"Normal__Char\">ja hiljem kasutada neid kriteeriume protsessi- ja l\u00f5pphindamisel.<\/span><\/p>\n<p><strong style=\"color: #ff6600;line-height: 1.1;font-family: inherit;font-size: 18px\"><span><span><strong><span>\u00a0<\/span><\/strong><\/span><\/span><\/strong><\/p>\n<h4 class=\"Normal\"><\/h4>\n<h4 class=\"Normal\"><span style=\"color: #ff6600\"><img loading=\"lazy\" decoding=\"async\" width=\"50\" height=\"46\" class=\"alignnone wp-image-66\" style=\"color: inherit;line-height: 1.1;font-family: inherit\" src=\"https:\/\/sisu.ut.ee\/wp-content\/uploads\/sites\/97\/m6ttemull_v.jpg\" title=\"m6ttemull_v.jpg\" alt=\"m6ttemull_v.jpg\">\u00a0<strong>Praktiline \u00fc<span class=\"Normal__Char\">lesanne<\/span><\/strong><\/span><\/h4>\n<ol>\n<li><span class=\"List_0020Paragraph__Char\">Pange kirja \u00fcks oluline m\u00f5te, mille videoesitlusest saite.<\/span><\/li>\n<li><span class=\"List_0020Paragraph__Char\">Kavandage koos \u00f5pilastega \u00fche \u00fclesande edukriteeriumide loendi koostamine.<\/span><\/li>\n<li><span class=\"List_0020Paragraph__Char\"><\/span><span class=\"List_0020Paragraph__Char\">Kutsuge kolleeg vaatama tundi, kus arutate \u00f5pilastega edukriteeriume.<\/span><\/li>\n<li><span class=\"List_0020Paragraph__Char\"><\/span><span class=\"List_0020Paragraph__Char\">Paluge kolleegilt tagasisidet, kuidas kriteeriumide v\u00e4ljat\u00f6\u00f6tamine \u00f5nnestus ja mida v\u00f5iks veel katsetada.<\/span><\/li>\n<\/ol>\n<h4><\/h4>\n","protected":false},"excerpt":{"rendered":"<p>Selles plokis tutvustatakse edukriteeriume, mis aitavad eesm\u00e4rke t\u00e4psustada arutletakse, mille poolest erinevad hindamis- ja edukriteeriumid selgitatakse, miks on oluline kaasata \u00f5ppijaid edukriteeriumide kokkuleppimisse tuuakse edukriteeriumide praktilise kasutamise kohta n\u00e4ide\u00a0\u0160otimaalt Selleks, et nii \u00f5petaja kui \u00f5ppijad teaksid, mida ja kuidas hinnata, &#8230;<\/p>\n","protected":false},"author":36,"featured_media":0,"parent":0,"menu_order":0,"comment_status":"closed","ping_status":"closed","template":"","meta":{"_acf_changed":false,"inline_featured_image":false,"footnotes":""},"class_list":["post-35","page","type-page","status-publish","hentry"],"acf":[],"_links":{"self":[{"href":"https:\/\/sisu.ut.ee\/6ppimisttoetavhindamine\/wp-json\/wp\/v2\/pages\/35","targetHints":{"allow":["GET"]}}],"collection":[{"href":"https:\/\/sisu.ut.ee\/6ppimisttoetavhindamine\/wp-json\/wp\/v2\/pages"}],"about":[{"href":"https:\/\/sisu.ut.ee\/6ppimisttoetavhindamine\/wp-json\/wp\/v2\/types\/page"}],"author":[{"embeddable":true,"href":"https:\/\/sisu.ut.ee\/6ppimisttoetavhindamine\/wp-json\/wp\/v2\/users\/36"}],"replies":[{"embeddable":true,"href":"https:\/\/sisu.ut.ee\/6ppimisttoetavhindamine\/wp-json\/wp\/v2\/comments?post=35"}],"version-history":[{"count":1,"href":"https:\/\/sisu.ut.ee\/6ppimisttoetavhindamine\/wp-json\/wp\/v2\/pages\/35\/revisions"}],"predecessor-version":[{"id":147,"href":"https:\/\/sisu.ut.ee\/6ppimisttoetavhindamine\/wp-json\/wp\/v2\/pages\/35\/revisions\/147"}],"wp:attachment":[{"href":"https:\/\/sisu.ut.ee\/6ppimisttoetavhindamine\/wp-json\/wp\/v2\/media?parent=35"}],"curies":[{"name":"wp","href":"https:\/\/api.w.org\/{rel}","templated":true}]}}