{"id":29,"date":"2024-04-03T23:27:14","date_gmt":"2024-04-03T20:27:14","guid":{"rendered":"https:\/\/sisu.ut.ee\/6ppimisttoetavhindamine\/eel-protsessi-ja-jarelhindamine\/"},"modified":"2024-04-03T23:27:34","modified_gmt":"2024-04-03T20:27:34","slug":"eel-protsessi-ja-jarelhindamine","status":"publish","type":"page","link":"https:\/\/sisu.ut.ee\/6ppimisttoetavhindamine\/eel-protsessi-ja-jarelhindamine\/","title":{"rendered":"Eel-, protsessi- ja j\u00e4relhindamine"},"content":{"rendered":"<p><strong>Selles plokis selgitatakse, miks on oluline \u00f5ppijate teadmiste, oskuste, hoiakute kohta infot koguda mitte \u00fcksnes \u00f5ppeprotsessi l\u00f5pul (j\u00e4relhindamine), vaid ka selle alguses (eelhindamine) ja pidevalt protsessi k\u00e4igus (protsessihindamine).<\/strong><\/p>\n\n<h4><span style=\"color: #ff6600\"><img loading=\"lazy\" decoding=\"async\" width=\"50\" height=\"46\" class=\"alignnone wp-image-66\" style=\"color: #565656;line-height: 21px;font-size: 14px\" src=\"https:\/\/sisu.ut.ee\/wp-content\/uploads\/sites\/97\/m6ttemull_v.jpg\" title=\"m6ttemull_v.jpg\" alt=\"m6ttemull_v.jpg\">\u00a0\u00a0<strong><span style=\"background-color: #ffffff\">\u00dclesanne <br><\/span><\/strong><\/span><\/h4>\n<p style=\"padding-left: 60px\"><span style=\"font-size: 14px\">Pange kirja, mida te juba teate eel- ja j\u00e4relhindamise ning protsessihindamise (pideva arusaamise kontrolli) kohta. S\u00e4ilitage vastus enese teadmiste j\u00e4relhindamiseks selle ploki l\u00f5pus. Oskuste ja hoiakute muutuse hindamiseks pange kirja vastused ka j\u00e4rgmistele \u00fclesannetele.<\/span><\/p>\n\n<h4><span style=\"color: #ff6600\"><span style=\"color: #ff6600\"><img loading=\"lazy\" decoding=\"async\" width=\"50\" height=\"46\" class=\"alignnone wp-image-66\" style=\"color: #565656;line-height: 21px;font-size: 14px\" src=\"https:\/\/sisu.ut.ee\/wp-content\/uploads\/sites\/97\/m6ttemull_v.jpg\" title=\"m6ttemull_v.jpg\" alt=\"m6ttemull_v.jpg\">\u00a0\u00a0<strong><span style=\"background-color: #ffffff\"><span style=\"color: #ff6600\"><strong><span>M\u00f5tlemis\u00fclesanne<\/span><\/strong><\/span><\/span><\/strong><\/span><\/span><\/h4>\n<p style=\"padding-left: 60px\"><span style=\"font-size: 14px\">Kui tihti ja millisel viisil olete pakkunud \u00f5pilastele tundides v\u00f5imalusi demonstreerida oma eelteadmisi, sh ka v\u00e4\u00e4rteadmisi v\u00f5i -arusaamu?<\/span><br><span style=\"font-size: 14px\">Kui tihti ja millisel viisil olete selgitanud enne uue teema juurde asumist v\u00e4lja \u00f5pilaste huvid ja hoiakud v\u00f5i m\u00f5tlemise taseme?<\/span><br><span style=\"font-size: 14px\">Kui tihti ja millisel viisil olete kogunud tundides tagasisidet \u00f5pilaste arusaamise edenemise kohta?<\/span><\/p>\n","protected":false},"excerpt":{"rendered":"<p>Selles plokis selgitatakse, miks on oluline \u00f5ppijate teadmiste, oskuste, hoiakute kohta infot koguda mitte \u00fcksnes \u00f5ppeprotsessi l\u00f5pul (j\u00e4relhindamine), vaid ka selle alguses (eelhindamine) ja pidevalt protsessi k\u00e4igus (protsessihindamine). \u00a0\u00a0\u00dclesanne Pange kirja, mida te juba teate eel- ja j\u00e4relhindamise ning protsessihindamise &#8230;<\/p>\n","protected":false},"author":36,"featured_media":0,"parent":0,"menu_order":0,"comment_status":"closed","ping_status":"closed","template":"","meta":{"_acf_changed":false,"inline_featured_image":false,"footnotes":""},"class_list":["post-29","page","type-page","status-publish","hentry"],"acf":[],"_links":{"self":[{"href":"https:\/\/sisu.ut.ee\/6ppimisttoetavhindamine\/wp-json\/wp\/v2\/pages\/29","targetHints":{"allow":["GET"]}}],"collection":[{"href":"https:\/\/sisu.ut.ee\/6ppimisttoetavhindamine\/wp-json\/wp\/v2\/pages"}],"about":[{"href":"https:\/\/sisu.ut.ee\/6ppimisttoetavhindamine\/wp-json\/wp\/v2\/types\/page"}],"author":[{"embeddable":true,"href":"https:\/\/sisu.ut.ee\/6ppimisttoetavhindamine\/wp-json\/wp\/v2\/users\/36"}],"replies":[{"embeddable":true,"href":"https:\/\/sisu.ut.ee\/6ppimisttoetavhindamine\/wp-json\/wp\/v2\/comments?post=29"}],"version-history":[{"count":1,"href":"https:\/\/sisu.ut.ee\/6ppimisttoetavhindamine\/wp-json\/wp\/v2\/pages\/29\/revisions"}],"predecessor-version":[{"id":141,"href":"https:\/\/sisu.ut.ee\/6ppimisttoetavhindamine\/wp-json\/wp\/v2\/pages\/29\/revisions\/141"}],"wp:attachment":[{"href":"https:\/\/sisu.ut.ee\/6ppimisttoetavhindamine\/wp-json\/wp\/v2\/media?parent=29"}],"curies":[{"name":"wp","href":"https:\/\/api.w.org\/{rel}","templated":true}]}}