{"id":27,"date":"2024-04-03T23:27:13","date_gmt":"2024-04-03T20:27:13","guid":{"rendered":"https:\/\/sisu.ut.ee\/6ppimisttoetavhindamine\/hindamismeetodid\/"},"modified":"2024-04-03T23:27:35","modified_gmt":"2024-04-03T20:27:35","slug":"hindamismeetodid","status":"publish","type":"page","link":"https:\/\/sisu.ut.ee\/6ppimisttoetavhindamine\/hindamismeetodid\/","title":{"rendered":"Hindamismeetodid"},"content":{"rendered":"<p><strong>Hindamismeetodite plokis asetatakse \u00f5ppimist toetav hindamine sotsiaalteaduslike uurimisviiside konteksti, r\u00e4\u00e4gitakse sellest, kuidas hindamismeetodite valimisel v\u00f5iks olla kasu \u201cfini\u0161ist\u201d alustamise meetodist (ingl k<em>\u00a0backward design<\/em>)\u00a0ning tuuakse n\u00e4iteid erinevatest hindamismeetoditest.<\/strong><\/p>\n<p style=\"padding-left: 60px\">\n<\/p><h4><span style=\"color: #ff6600\"><img loading=\"lazy\" decoding=\"async\" width=\"50\" height=\"46\" class=\"alignnone wp-image-66\" style=\"font-weight: bold;font-family: inherit;line-height: 1.1\" src=\"https:\/\/sisu.ut.ee\/wp-content\/uploads\/sites\/97\/m6ttemull_v.jpg\" title=\"m6ttemull_v.jpg\" alt=\"m6ttemull_v.jpg\">\u00a0\u00a0<strong><span style=\"background-color: #ffffff\"><span style=\"color: #ff6600\"><strong><span style=\"background-color: #ffffff\">M\u00f5tlemis\u00fclesanne<\/span><\/strong><\/span><\/span><\/strong><\/span><\/h4>\n<p style=\"padding-left: 60px\">Meenutage oma kooliaega. Kui \u00f5pite koos\u00a0paarilisega v\u00f5i grupis, siis m\u00f5elge esmalt iga\u00fcks eraldi ning hiljem jagage oma kogemust kaaslastega.<\/p>\n<ul>\n<ul style=\"list-style-type: disc\">\n<li><span style=\"font-size: 14px\">Milliseid hindamismeetodeid kasutati?<\/span><\/li>\n<li><span style=\"font-size: 14px\">Millised neist olid k\u00f5ige populaarsemad?<\/span><\/li>\n<li><span style=\"font-size: 14px\">Kuidas tundus nende meetodite kasutamine \u00f5ppija vaatepunktist? Millisele \u00f5ppimisele (ja muudele tegevustele) need suunasid? Millist v\u00e4\u00e4rtuss\u00f5numit kandsid?<\/span><\/li>\n<\/ul>\n<\/ul>\n","protected":false},"excerpt":{"rendered":"<p>Hindamismeetodite plokis asetatakse \u00f5ppimist toetav hindamine sotsiaalteaduslike uurimisviiside konteksti, r\u00e4\u00e4gitakse sellest, kuidas hindamismeetodite valimisel v\u00f5iks olla kasu \u201cfini\u0161ist\u201d alustamise meetodist (ingl k\u00a0backward design)\u00a0ning tuuakse n\u00e4iteid erinevatest hindamismeetoditest. \u00a0\u00a0M\u00f5tlemis\u00fclesanne Meenutage oma kooliaega. Kui \u00f5pite koos\u00a0paarilisega v\u00f5i grupis, siis m\u00f5elge esmalt iga\u00fcks &#8230;<\/p>\n","protected":false},"author":36,"featured_media":0,"parent":0,"menu_order":0,"comment_status":"closed","ping_status":"closed","template":"","meta":{"_acf_changed":false,"inline_featured_image":false,"footnotes":""},"class_list":["post-27","page","type-page","status-publish","hentry"],"acf":[],"_links":{"self":[{"href":"https:\/\/sisu.ut.ee\/6ppimisttoetavhindamine\/wp-json\/wp\/v2\/pages\/27","targetHints":{"allow":["GET"]}}],"collection":[{"href":"https:\/\/sisu.ut.ee\/6ppimisttoetavhindamine\/wp-json\/wp\/v2\/pages"}],"about":[{"href":"https:\/\/sisu.ut.ee\/6ppimisttoetavhindamine\/wp-json\/wp\/v2\/types\/page"}],"author":[{"embeddable":true,"href":"https:\/\/sisu.ut.ee\/6ppimisttoetavhindamine\/wp-json\/wp\/v2\/users\/36"}],"replies":[{"embeddable":true,"href":"https:\/\/sisu.ut.ee\/6ppimisttoetavhindamine\/wp-json\/wp\/v2\/comments?post=27"}],"version-history":[{"count":1,"href":"https:\/\/sisu.ut.ee\/6ppimisttoetavhindamine\/wp-json\/wp\/v2\/pages\/27\/revisions"}],"predecessor-version":[{"id":180,"href":"https:\/\/sisu.ut.ee\/6ppimisttoetavhindamine\/wp-json\/wp\/v2\/pages\/27\/revisions\/180"}],"wp:attachment":[{"href":"https:\/\/sisu.ut.ee\/6ppimisttoetavhindamine\/wp-json\/wp\/v2\/media?parent=27"}],"curies":[{"name":"wp","href":"https:\/\/api.w.org\/{rel}","templated":true}]}}