{"id":22,"date":"2024-04-03T23:27:13","date_gmt":"2024-04-03T20:27:13","guid":{"rendered":"https:\/\/sisu.ut.ee\/6ppimisttoetavhindamine\/avaleht\/"},"modified":"2024-09-02T10:39:09","modified_gmt":"2024-09-02T07:39:09","slug":"avaleht","status":"publish","type":"page","link":"https:\/\/sisu.ut.ee\/6ppimisttoetavhindamine\/","title":{"rendered":"Avaleht"},"content":{"rendered":"<p><strong>Tere tulemast \u00a0kujundava hindamise ehk \u00f5ppimist toetava hindamise e-kursusele!<\/strong><\/p>\n<p>Kursusel saate tutvuda t\u00e4nap\u00e4evaste arusaamadega \u00f5ppimist toetavast hindamisest\u00a0ja selle<br>\nrakendamisest. Esitatud eneseanal\u00fc\u00fcsi\u00fclesannete ja praktiliste soovituste abil saate t\u00e4iendada teadmisi ja<br>\narendada edasi oma t\u00f6\u00f6d, et veel paremini toetada k\u00f5igi \u00f5ppijate \u00f5ppimist ja arengut.<\/p>\n<p>e-kursus on m\u00f5eldud k\u00f5igile, kes soovivad end \u00f5ppimist toetava hindamise (kujundava hindamise) alal t\u00e4iendada.<br>\nEelk\u00f5ige on osalema oodatud <strong>\u00f5petajad<\/strong> ja <strong>\u00f5petajakoolituse tudengid<\/strong>.<\/p>\n<p><strong style=\"font-size: 14px;\">Taotletavad \u00f5piv\u00e4ljundid:<\/strong><\/p>\n<p>e-kursuse l\u00e4binud \u00f5petaja<\/p>\n<ul>\n<li>teadvustab hindamise keskset rolli \u00f5ppeprotsessis<\/li>\n<li>v\u00e4\u00e4rtustab hindamisalast kirjaoskust ja on tuttav selle kirjaoskuse peamiste sisuvaldkondadega<\/li>\n<li>on praktikas l\u00e4bi proovinud m\u00f5ned \u00f5ppimist toetava hindamise v\u00f5tted<\/li>\n<li>anal\u00fc\u00fcsib ise v\u00f5i koos kolleegiga oma (\u00f5ppimist toetava) hindamise praktikat<\/li>\n<li>on valmis ja motiveeritud end hindamise alal j\u00e4tkuvalt professionaalselt edasi arendama<\/li>\n<\/ul>\n<p>Kursuse edukal l\u00e4bimisel on v\u00f5imalik saada <strong>tunnistus, <\/strong>selle saamise tingimuste kohta vt <a href=\"https:\/\/sisu.ut.ee\/6ppimisttoetavhindamine\/opijuhis\">\u00f5pijuhis<\/a>t.<\/p>\n<p><strong>Maht<\/strong><\/p>\n<p>Kursuse <strong>orienteeruv\u00a0maht on 28 tundi.<\/strong> Seda sellisel juhul, kui \u00f5pite <strong>grupis<\/strong> ja t\u00f5epoolest<strong> teemade \u00fcle arutlete <\/strong>ning oma k<strong>ogemusi jagate,<\/strong><br>\nsamuti k\u00f5ike <strong>\u00f5pitut praktikas rakendate<\/strong> ja oma <strong>tegevust anal\u00fc\u00fcsite<\/strong>.<\/p>\n<p>Tegelik kursuse l\u00e4bimise aeg v\u00f5ib oluliselt varieeruda olenevalt teie eelteadmistest\u00a0(v\u00f5imalik, et nii m\u00f5negi ploki materjale juba valdate)\u00a0ning ajast, mille p\u00fchendate kohtumistele kaas\u00f5ppija(te)ga, refleksioonile ning praktilistele \u00fclesannetele.<\/p>\n<p>Materjalidega tutvumine (videoloengute vaatamine-kuulamine, vahetekstidega ja soovitatud materjalide lugemine) \u00a0v\u00f5tab muidugi oluliselt v\u00e4hem aega: 1. plokis on videomaterjale ca 60 min, 2. plokis ca 50 min, 3. plokis ca 30 min, 4. plokis ca 11 min,\u00a05. plokis ca 7 min, 6. plokis ca 25 min ja 7. plokis ca 15 min.<\/p>\n<p>Kokku l\u00e4heb teil kogu kursuse videote l\u00e4bivaatamiseks seega umbes <strong>200 minutit<\/strong>\u00a0\u2013 natuke rohkem kui <strong>3 tundi<\/strong>! Sellele lisandub tekstide lugemine,\u00a0ja m\u00f5tlemis\u00fclesanded, mille ajakulu on individuaalne (kui oleme saanud esimestelt kursuse l\u00e4bijatelt \u00f5pip\u00e4evikud, siis oskame paremini prognoosida\u00a0ka neile \u00fclesannetele, samuti praktilistele \u00fclesannetele, aruteludele ja enesehindamisele, nt sellesama \u00f5pip\u00e4eviku pidamisele kuluvat aega.<\/p>\n<p>Kursusel pakutavad \u00fclesanded on tihedalt seotud teie igap\u00e4evat\u00f6\u00f6 \u2013\u00a0\u00f5petamisega \u2013\u00a0ning nende sooritamiseks ei pea te midagi erilist juurde tegema. Vastupidi \u2013\u00a0loodame, et leiate siit ideid ja v\u00f5tteid, kuidas keskenduda just\u00a0\u00f5ppimise toetamiseks t\u00f5husatele hindamispraktikatele ja v\u00e4ltida v\u00e4heefektiivsete v\u00f5i koguni kahjulike tegevuste osakaalu.<\/p>\n<p>Kursuse on koostanud\u00a0<a href=\"http:\/\/www.curriculum.ut.ee\/et\" target=\"_blank\" rel=\"noopener\">Tartu \u00dclikooli haridusuuringute ja \u00f5ppekavaarenduse keskus<\/a><br>\n<a href=\"http:\/\/www.hm.ee\" target=\"_blank\" rel=\"noopener\">Haridus- ja Teadusministeeriumi<\/a> toel.<\/p>\n","protected":false},"excerpt":{"rendered":"<p>Tere tulemast \u00a0kujundava hindamise ehk \u00f5ppimist toetava hindamise e-kursusele! Kursusel saate tutvuda t\u00e4nap\u00e4evaste arusaamadega \u00f5ppimist toetavast hindamisest\u00a0ja selle rakendamisest. Esitatud eneseanal\u00fc\u00fcsi\u00fclesannete ja praktiliste soovituste abil saate t\u00e4iendada teadmisi ja arendada edasi oma t\u00f6\u00f6d, et veel paremini toetada k\u00f5igi \u00f5ppijate \u00f5ppimist &#8230;<\/p>\n","protected":false},"author":36,"featured_media":0,"parent":0,"menu_order":0,"comment_status":"closed","ping_status":"closed","template":"","meta":{"_acf_changed":false,"inline_featured_image":false,"footnotes":""},"class_list":["post-22","page","type-page","status-publish","hentry"],"acf":[],"_links":{"self":[{"href":"https:\/\/sisu.ut.ee\/6ppimisttoetavhindamine\/wp-json\/wp\/v2\/pages\/22","targetHints":{"allow":["GET"]}}],"collection":[{"href":"https:\/\/sisu.ut.ee\/6ppimisttoetavhindamine\/wp-json\/wp\/v2\/pages"}],"about":[{"href":"https:\/\/sisu.ut.ee\/6ppimisttoetavhindamine\/wp-json\/wp\/v2\/types\/page"}],"author":[{"embeddable":true,"href":"https:\/\/sisu.ut.ee\/6ppimisttoetavhindamine\/wp-json\/wp\/v2\/users\/36"}],"replies":[{"embeddable":true,"href":"https:\/\/sisu.ut.ee\/6ppimisttoetavhindamine\/wp-json\/wp\/v2\/comments?post=22"}],"version-history":[{"count":3,"href":"https:\/\/sisu.ut.ee\/6ppimisttoetavhindamine\/wp-json\/wp\/v2\/pages\/22\/revisions"}],"predecessor-version":[{"id":195,"href":"https:\/\/sisu.ut.ee\/6ppimisttoetavhindamine\/wp-json\/wp\/v2\/pages\/22\/revisions\/195"}],"wp:attachment":[{"href":"https:\/\/sisu.ut.ee\/6ppimisttoetavhindamine\/wp-json\/wp\/v2\/media?parent=22"}],"curies":[{"name":"wp","href":"https:\/\/api.w.org\/{rel}","templated":true}]}}