{"id":17,"date":"2024-04-03T23:27:13","date_gmt":"2024-04-03T20:27:13","guid":{"rendered":"https:\/\/sisu.ut.ee\/6ppimisttoetavhindamine\/heade-oppe-eesmarkide-tunnused\/"},"modified":"2024-09-02T11:43:21","modified_gmt":"2024-09-02T08:43:21","slug":"heade-oppe-eesmarkide-tunnused","status":"publish","type":"page","link":"https:\/\/sisu.ut.ee\/6ppimisttoetavhindamine\/heade-oppe-eesmarkide-tunnused\/","title":{"rendered":"Heade \u00f5ppe-eesm\u00e4rkide tunnused"},"content":{"rendered":"<p><strong>Head \u00f5ppe-eesm\u00e4rgid on<\/strong><\/p>\n<ul>\n<li><strong>olulised<br>\n<\/strong><\/li>\n<li><strong>konkreetsed ja k\u00f5igile osapooltele (ka \u00f5ppijatele!) arusaadavad<br>\n<\/strong><\/li>\n<li><strong>j\u00f5ukohased, pakkudes samas \u00f5ppijatele ka v\u00e4ljakutset<br>\n<\/strong><\/li>\n<\/ul>\n<div>\n<h4><img loading=\"lazy\" decoding=\"async\" class=\"alignnone size-full wp-image-66\" src=\"https:\/\/sisu.ut.ee\/wp-content\/uploads\/sites\/97\/m6ttemull_v.jpg\" alt=\"\" width=\"50\" height=\"46\">\u00a0 <strong><span style=\"color: #ff6600;\">Praktiline \u00fclesanne<\/span><\/strong><\/h4>\n<p style=\"padding-left: 60px;\">Selle teema praktiline \u00fclesanne on vahelduse m\u00f5ttes esmalt lugemis\u00fclesanne. Tutvuge raamatu \u201cKujundav hindamine kui \u00f5ppimist toetav hindamine\u201d 5.1 alapeat\u00fckiga, milles kirjeldatakse t\u00e4psemalt heade \u00f5ppe-eesm\u00e4rkide olulisi tunnuseid ning tuuakse ka n\u00e4iteid meie koolipraktikast.<\/p>\n<p style=\"padding-left: 60px;\"><strong>M\u00f5elge l\u00e4bi ning pange kirja oma j\u00e4rgmise teema \u00f5ppega seonduvad eesm\u00e4rgid<\/strong>.<\/p>\n<p style=\"padding-left: 60px;\">N\u00e4idake neid paarilisele ning arutlege, kas need on olulised ja konkreetsed? Selgitaga kaaslasele, milliste andmete p\u00f5hjal eeldate, et need on \u00f5ppijatele j\u00f5ukohased ning mida teete erivajadustega \u00f5pilastega. Arutlege ka, kas teie seatud eesm\u00e4rgid praeguses s\u00f5nastuses on \u00f5ppijatele m\u00f5istetavad ja kuidas tagada, et need oleksid k\u00f5igile \u00f5ppijatele arusaadavad.<\/p>\n<\/div>\n<p class=\"jutt\">\n<\/p>","protected":false},"excerpt":{"rendered":"<p>Head \u00f5ppe-eesm\u00e4rgid on olulised konkreetsed ja k\u00f5igile osapooltele (ka \u00f5ppijatele!) arusaadavad j\u00f5ukohased, pakkudes samas \u00f5ppijatele ka v\u00e4ljakutset \u00a0 Praktiline \u00fclesanne Selle teema praktiline \u00fclesanne on vahelduse m\u00f5ttes esmalt lugemis\u00fclesanne. Tutvuge raamatu \u201cKujundav hindamine kui \u00f5ppimist toetav hindamine\u201d 5.1 alapeat\u00fckiga, milles &#8230;<\/p>\n","protected":false},"author":36,"featured_media":0,"parent":0,"menu_order":0,"comment_status":"closed","ping_status":"closed","template":"","meta":{"_acf_changed":false,"inline_featured_image":false,"footnotes":""},"class_list":["post-17","page","type-page","status-publish","hentry"],"acf":[],"_links":{"self":[{"href":"https:\/\/sisu.ut.ee\/6ppimisttoetavhindamine\/wp-json\/wp\/v2\/pages\/17","targetHints":{"allow":["GET"]}}],"collection":[{"href":"https:\/\/sisu.ut.ee\/6ppimisttoetavhindamine\/wp-json\/wp\/v2\/pages"}],"about":[{"href":"https:\/\/sisu.ut.ee\/6ppimisttoetavhindamine\/wp-json\/wp\/v2\/types\/page"}],"author":[{"embeddable":true,"href":"https:\/\/sisu.ut.ee\/6ppimisttoetavhindamine\/wp-json\/wp\/v2\/users\/36"}],"replies":[{"embeddable":true,"href":"https:\/\/sisu.ut.ee\/6ppimisttoetavhindamine\/wp-json\/wp\/v2\/comments?post=17"}],"version-history":[{"count":2,"href":"https:\/\/sisu.ut.ee\/6ppimisttoetavhindamine\/wp-json\/wp\/v2\/pages\/17\/revisions"}],"predecessor-version":[{"id":266,"href":"https:\/\/sisu.ut.ee\/6ppimisttoetavhindamine\/wp-json\/wp\/v2\/pages\/17\/revisions\/266"}],"wp:attachment":[{"href":"https:\/\/sisu.ut.ee\/6ppimisttoetavhindamine\/wp-json\/wp\/v2\/media?parent=17"}],"curies":[{"name":"wp","href":"https:\/\/api.w.org\/{rel}","templated":true}]}}