{"id":14,"date":"2024-04-03T23:27:13","date_gmt":"2024-04-03T20:27:13","guid":{"rendered":"https:\/\/sisu.ut.ee\/6ppimisttoetavhindamine\/opijuhis\/"},"modified":"2024-09-02T10:39:45","modified_gmt":"2024-09-02T07:39:45","slug":"opijuhis","status":"publish","type":"page","link":"https:\/\/sisu.ut.ee\/6ppimisttoetavhindamine\/opijuhis\/","title":{"rendered":"\u00d5pijuhis"},"content":{"rendered":"<p><strong><span style=\"font-size: 14px;\">Kursusel v\u00f5ib osaleda kas\u00a0<\/span>paaris,\u00a0meeskonnana<span style=\"font-size: 14px;\">\u00a0v\u00f5i\u00a0individuaalselt.<\/span><\/strong><br>\n<span style=\"font-size: 14px;\">Soovitame \u00f5ppida paaris v\u00f5i meeskonnana \u2013\u00a0kui saate kolleegiga kursuse teemadel arutleda, vastastikku n\u00f5u anda ja tunde vaadelda, siis on kursusel pakutavaid ideid palju lihtsam\u00a0edukalt\u00a0igap\u00e4evat\u00f6\u00f6sse rakendada.<\/span><\/p>\n<p><strong><span style=\"font-size: 14px;\">e-kursuse materjalid on esitatud <\/span>temaatiliste plokkidena<\/strong><span style=\"font-size: 14px;\">, mis sisaldavad l\u00fchitekste, videoloenguid, linke, \u00fclesandeid ja t\u00f6\u00f6lehti. Plokke on soovitav l\u00e4bida tervikuna. <\/span><strong style=\"font-size: 14px;\">Alustage ja l\u00f5petage kursus, vastates elektroonilisele\u00a0enesehindamise <a href=\"https:\/\/sisu.ut.ee\/6ppimisttoetavhindamine\/enesehindamise-kusimustik\/\">k\u00fcsimustikule<\/a>. <\/strong><\/p>\n<p>Vastuste p\u00f5hjal saate kohe ka automaatset tagasisidet, mis aitab kursuse l\u00e4bimiseks oma eesm\u00e4rke seada \u2013 m\u00e4\u00e4ratleda, milliste plokkide materjalidega olete juba eelnevalt h\u00e4sti kursis (ning kursus v\u00f5ib pigem kinnitada Teie olemasolevaid teadmisi ja praktikaid ning ehk aidata neid ka s\u00fcsteemsemaks muuta) ning milliste plokkide, teemade ja k\u00fcsimustega on vaja rohkem t\u00f6\u00f6d teha.<\/p>\n<p><strong style=\"font-size: 14px;\">Materjalid on\u00a0l\u00f5imitud\u00a0ning kindlasti soovitame teil teha ka pakutud\u00a0praktilisi \u00fclesandeid.<\/strong><br>\nVt materjalide kohta p\u00f5hjalikumalt lehek\u00fcljel\u00a0<a href=\"https:\/\/sisu.ut.ee\/6ppimisttoetavhindamine\/kursuse-materjalidest\">Kursuse materjalidest<\/a>.<\/p>\n<p><!--break--><span style=\"font-size: 14px;\"><strong>Kursus on \u00fcsna mahukas. Et saaksite j\u00e4rjepidevalt \u00f5ppida, soovitame koostada\u00a0<\/strong><\/span><strong><a style=\"font-size: 14px;\" href=\"https:\/\/sisu.ut.ee\/6ppimisttoetavhindamine\/kursuse-ajakava\">ajakava<\/a><span style=\"font-size: 14px;\">.<\/span><\/strong><strong style=\"font-size: 14px;\"><br>\n<\/strong><\/p>\n<p>Kursuse l\u00e4bimiseks\u00a0tuleb t\u00e4ita enesehindamise k\u00fcsimustik (nii eel- kui ka j\u00e4relhindamiseks) ning sooritada\u00a0<strong>v\u00e4hemalt \u00fcks j\u00e4rgmistest \u00fclesannetest<\/strong> (A v\u00f5i B): <\/p><div class=\"accordion mb-3\">\n        <div class=\"accordion-item accordion-item--white\">\n        <h2 class=\"accordion-header\" id=\"accordion-69de367e97782-heading\">\n            <button class=\"accordion-button collapsed\" type=\"button\" data-bs-toggle=\"collapse\" data-bs-target=\"#accordion-69de367e97782-collapse\" aria-expanded=\"true\" aria-controls=\"accordion-69de367e97782-collapse\"><strong>A) eel- ja j\u00e4rel\u00fclesanne<\/strong><\/button>\n        <\/h2>\n        <div id=\"accordion-69de367e97782-collapse\" class=\"accordion-collapse collapse\" aria-labelledby=\"accordion-69de367e97782-heading\">\n            <div class=\"accordion-body\">Eel\u00fclesanne\n<p>Pange palun kursuse algul kirja (1 lk):<\/p>\n<ol>\n<li><span style=\"font-size: 14px;\">mida \u00f5ppimist toetavast (kujundavast) hindamisest juba\u00a0oma t\u00f6\u00f6s kasutate (soovi korral v\u00f5ite vastustusele lisada ka\u00a0oma enesehindamise k\u00fcsimustiku vastused \u2013 need saate kopeerida siit kursuse tagasisidest \u2013 koos oma kommentaaridega)<\/span><\/li>\n<li><span style=\"font-size: 14px;\">mida uut loodate juurde \u00f5ppida\u00a0<\/span><\/li>\n<\/ol>\n<p>Kirjaliku teksti asemel v\u00f5ite kasutada ka erip\u00e4rasemaid infoesitlusviise, n\u00e4iteks skeemi, slaidi- v\u00f5i videoesitlust.<br>\n<strong>Saatke see aadressil maria.jurimae@ut.ee ja oletegi kursusele registreeritud!<\/strong><\/p>\n<p>J\u00e4rel\u00fclesandeks\u00a0palume kursuse l\u00f5pul\u00a0vastata samadele k\u00fcsimustele\u00a0(1 lk):<\/p>\n<ol>\n<li><span style=\"font-size: 14px;\">mida \u00f5ppimist toetavast hindamisest juba\u00a0oma t\u00f6\u00f6s kasutate<\/span><\/li>\n<li><span style=\"font-size: 14px;\">mida uut teada saite ja kuidas ootused t\u00e4itusid (vastustusele lisage oma uuesti t\u00e4idetud k\u00fcsimustiku vastused koos oma kommentaaridega)<\/span><\/li>\n<\/ol>\n<p><\/p><\/div>\n        <\/div>\n        <\/div>\n    <\/div>\n<p><\/p><div class=\"accordion mb-3\">\n        <div class=\"accordion-item accordion-item--white\">\n        <h2 class=\"accordion-header\" id=\"accordion-69de367e97789-heading\">\n            <button class=\"accordion-button collapsed\" type=\"button\" data-bs-toggle=\"collapse\" data-bs-target=\"#accordion-69de367e97789-collapse\" aria-expanded=\"true\" aria-controls=\"accordion-69de367e97789-collapse\"><strong>B) \u00f5pip\u00e4eviku pidamine<\/strong><\/button>\n        <\/h2>\n        <div id=\"accordion-69de367e97789-collapse\" class=\"accordion-collapse collapse\" aria-labelledby=\"accordion-69de367e97789-heading\">\n            <div class=\"accordion-body\">\n<p>Kui soovite kasutada\u00a0\u00f5pip\u00e4evikut,\u00a0et kaardistada oma teekonda, t\u00f5endada selle abil kursuse l\u00e4bimist ja p\u00f5himaterjali omandamist, siis saatke palun kursuse algul \u00f5pip\u00e4eviku esimene sissekanne:<\/p>\n<ul>\n<li><span style=\"font-size: 14px;\">selgitus, miks sellele kursusele tulite ja mida siit loodate, soovi korral v\u00f5ite kasutada ka enesehindamise k\u00fcsimustikku.<\/span><\/li>\n<\/ul>\n<p><strong><span style=\"font-size: 14px;\">Saatke see aadressil maria.jurimae@ut.ee ja oletegi kursusele registreerunud!<\/span><\/strong><\/p>\n<p>Kursuse l\u00f5petamiseks saatke \u00fclej\u00e4\u00e4nud \u00f5pip\u00e4evik\u00a0(mida peate kogu kursuse v\u00e4ltel) v\u00f5i v\u00e4ljav\u00f5tted sellest \u00a0+ soovi korral ka uuesti t\u00e4idetud\u00a0enesehindamise k\u00fcsimustiku vastused.<\/p>\n<p>Kui \u00f5pite paaris vi grupis, siis v\u00f5ite oma ideid \u00f5pip\u00e4evikus kas osaliselt v\u00f5i t\u00e4ielikult ka kaaslas(t)ega jagada.<\/p>\n<p><span style=\"font-size: 14px;\"><\/span><\/p><\/div>\n        <\/div>\n        <\/div>\n    <\/div>\n<p>M\u00f5lema variandi puhul pidage silmas kursuse <strong>taotletavaid \u00f5piv\u00e4ljundeid<\/strong>, eelk\u00f5ige<\/p>\n<ul>\n<li>proovige praktikas l\u00e4bi m\u00f5ned \u00f5ppimist toetava hindamise v\u00f5tted<\/li>\n<li>anal\u00fc\u00fcsige ise v\u00f5i koos kolleegiga oma (\u00f5ppimist toetava) hindamise praktikat<\/li>\n<\/ul>\n<div>\n<div>\n<p>P\u00fc\u00fcdke nii hetkeseisu ja ootusi kaardistades, \u00f5pip\u00e4evikut pidades kui ka kokkuv\u00f5tet tehes silmas pidada just praktikat ning tuua ka n\u00e4iteid (kirjalikud meenutused, aga ka konkreetsed n\u00e4itmaterjalid \u00f5ppijatele antud tagasisidest, fotod t\u00f6\u00f6dest, videol\u00f5igud tundidest), milles avaldub just teie praktiline tegevus ja professionaalne areng.<\/p>\n<\/div>\n<\/div>\n<p><strong>Teie saadetud materjalide p\u00f5hjal anname teile ka tagasisidet<\/strong>!<\/p>\n<p>Samuti loodame, et <strong>olete valmis oma\u00a0materjale\u00a0ka teiste \u00f5petajatega jagama<\/strong>. Palume luba kasutada\u00a0neid ka kursuse t\u00e4iendamiseks ja edasiarendamiseks.<\/p>\n<p><strong>Kursuse l\u00e4bimist t\u00f5endava tunnistuse saamiseks t\u00e4itke palun <a href=\"http:\/\/www.curriculum.ut.ee\/et\/6ppimisttoetavhindamine\/tunnistus\" target=\"_blank\" rel=\"noopener\">vorm<\/a>.<br>\n<\/strong><\/p>\n","protected":false},"excerpt":{"rendered":"<p>Kursusel v\u00f5ib osaleda kas\u00a0paaris,\u00a0meeskonnana\u00a0v\u00f5i\u00a0individuaalselt. Soovitame \u00f5ppida paaris v\u00f5i meeskonnana \u2013\u00a0kui saate kolleegiga kursuse teemadel arutleda, vastastikku n\u00f5u anda ja tunde vaadelda, siis on kursusel pakutavaid ideid palju lihtsam\u00a0edukalt\u00a0igap\u00e4evat\u00f6\u00f6sse rakendada. e-kursuse materjalid on esitatud temaatiliste plokkidena, mis sisaldavad l\u00fchitekste, videoloenguid, linke, &#8230;<\/p>\n","protected":false},"author":36,"featured_media":0,"parent":0,"menu_order":0,"comment_status":"closed","ping_status":"closed","template":"","meta":{"_acf_changed":false,"inline_featured_image":false,"footnotes":""},"class_list":["post-14","page","type-page","status-publish","hentry"],"acf":[],"_links":{"self":[{"href":"https:\/\/sisu.ut.ee\/6ppimisttoetavhindamine\/wp-json\/wp\/v2\/pages\/14","targetHints":{"allow":["GET"]}}],"collection":[{"href":"https:\/\/sisu.ut.ee\/6ppimisttoetavhindamine\/wp-json\/wp\/v2\/pages"}],"about":[{"href":"https:\/\/sisu.ut.ee\/6ppimisttoetavhindamine\/wp-json\/wp\/v2\/types\/page"}],"author":[{"embeddable":true,"href":"https:\/\/sisu.ut.ee\/6ppimisttoetavhindamine\/wp-json\/wp\/v2\/users\/36"}],"replies":[{"embeddable":true,"href":"https:\/\/sisu.ut.ee\/6ppimisttoetavhindamine\/wp-json\/wp\/v2\/comments?post=14"}],"version-history":[{"count":3,"href":"https:\/\/sisu.ut.ee\/6ppimisttoetavhindamine\/wp-json\/wp\/v2\/pages\/14\/revisions"}],"predecessor-version":[{"id":282,"href":"https:\/\/sisu.ut.ee\/6ppimisttoetavhindamine\/wp-json\/wp\/v2\/pages\/14\/revisions\/282"}],"wp:attachment":[{"href":"https:\/\/sisu.ut.ee\/6ppimisttoetavhindamine\/wp-json\/wp\/v2\/media?parent=14"}],"curies":[{"name":"wp","href":"https:\/\/api.w.org\/{rel}","templated":true}]}}